0)*38/(-6). What is the highest common divisor of q and 171?
19
Let i(j) = -j**3 - 17*j**2 - 53*j + 14. Let l be i(-14). Calculate the greatest common divisor of 126 and l.
42
Let j be (-11)/((-198)/12)*1632/2. Calculate the greatest common divisor of 17 and j.
17
Let l = -2289 + 2490. What is the greatest common divisor of 268 and l?
67
Suppose -4*j - 320 = -6*j. Suppose -i = -2*i + j. Suppose 2*t = 4*t - i. Calculate the highest common divisor of 32 and t.
16
Let m be (16/(-6) - -6)*3. Suppose 3*j - 876 = -348. Let y be j/18 - 6/(-27). What is the greatest common divisor of m and y?
10
Let u be (-5 + 2)/((504/32)/(-21)) - -5. Suppose -4*a + 19 = 5*t, 0*t = -5*a - t + 8. What is the highest common divisor of a and u?
1
Suppose 3*v = 267 - 57. What is the highest common factor of v and 770?
70
Suppose -a + 0*a = -8. Let o be 19/(-76) + 18/a. Suppose 3*s + 5*r - 28 = 0, 2*s - 48 = 6*r - o*r. Calculate the highest common divisor of 16 and s.
16
Let s be (-2)/(4/(-3))*276/18. Let z be s/(2/(-8)*(-1 + -3)). What is the greatest common factor of z and 23?
23
Let c = 222 - 115. Let n = c - 103. Calculate the highest common divisor of n and 12.
4
Let o(z) = -z**3 + 10*z**2 - 5*z + 8. Let m(c) = -4 - 2 + 3 + 7*c - 2. Let l be m(2). Let f be o(l). Calculate the highest common factor of 4 and f.
4
Suppose 5*u = -10, 2*n + 10*u = 5*u + 276. Calculate the greatest common factor of 11 and n.
11
Let t be 1*15 + -3 + 2 + 2. What is the greatest common factor of 144 and t?
16
Let f be ((-48)/40)/((88/(-17050))/((-2)/(-5))). Let x(v) = 2*v**2 + 5*v - 2. Let u be x(3). Calculate the greatest common divisor of f and u.
31
Let d be (205 + 29)/((-3)/(-2)). What is the highest common factor of 234 and d?
78
Let a = 1705 + -1215. What is the highest common factor of 30 and a?
10
Suppose -6*v - 28*v = -27540. Calculate the greatest common factor of v and 150.
30
Let o(b) = 36*b**2 + 5*b + 18. Let c be o(-4). What is the highest common divisor of 123 and c?
41
Suppose 4*u + 120 = u. Let q be (-3192)/u + (-2)/(-10). Let n be (q/12)/((-6)/(-9)). Calculate the greatest common factor of 90 and n.
10
Let k(w) = 11*w**2 + 2*w + 3. Let v be k(-5). Let u = v + -94. What is the greatest common divisor of u and 29?
29
Let a be (-7)/(-3) + 2/(-6). Let x = 302 + -288. Calculate the highest common factor of a and x.
2
Let i = 7 + 14. Let g = 34 + -6. What is the greatest common factor of i and g?
7
Suppose -3*u + 15 + 39 = 3*n, -2*n = -3*u - 21. Let g be (3/10)/(78/780). What is the highest common factor of g and n?
3
Let z(f) = -2*f - 5. Let w be z(-4). Let g = -112 + 192. Let r = g - 47. What is the greatest common divisor of w and r?
3
Suppose -4*s = -0*s - 56. Suppose -339 + 3 = -16*b. What is the highest common divisor of s and b?
7
Let u(p) = p**2 - 52*p - 557. Let d be u(-10). What is the highest common divisor of d and 273?
21
Suppose -a - 4*y = -262, -y = -a + 3*y + 238. What is the highest common factor of 50 and a?
50
Let a = -372 - -717. Let k = a + -121. Calculate the greatest common divisor of k and 28.
28
Let c = 421 - 11. What is the highest common factor of c and 123?
41
Suppose 0*j + 5*j + 15 = 0. Let b be (0 - 30)/j + -4. What is the highest common divisor of 54 and b?
6
Suppose 0*l = -2*l + 96. Calculate the greatest common factor of l and 36.
12
Let b(l) = l**3 - 23*l**2 + 24*l - 93. Let q be b(23). What is the greatest common divisor of q and 17?
17
Let u = 11 - -3. Let c(d) = 2*d - 14. Let o be c(7). Let h be (o/(-1))/4 + 70. What is the greatest common divisor of u and h?
14
Let h = 203 - 86. Let p = h + -197. Let s be (p/(-1) - 3) + 0. Calculate the greatest common divisor of 11 and s.
11
Suppose -2*b = -2*f - 74 - 140, 0 = 3*b + 5*f - 345. Suppose 3*u + u = 48. Let r be u/(-8)*(-40)/6. Calculate the highest common divisor of b and r.
10
Suppose 277 = 5*x + b, -6*x - b + 223 = -2*x. Let u(z) = 2*z**2 - 4*z + 2. Let a be u(4). What is the highest common divisor of a and x?
18
Let y = 912 + -776. Calculate the highest common divisor of y and 714.
34
Let f = 24 + -22. Suppose f*v = 3*v - 16. Calculate the highest common divisor of 24 and v.
8
Suppose -5*l + 0*h + h = 28, 2*l + 20 = -4*h. Let d(u) = -u**3 - 4*u**2 + 10*u + 9. Let y be d(l). Calculate the greatest common divisor of 14 and y.
7
Let q be 349/9 + (-66)/(-297) + -7. What is the greatest common divisor of q and 1696?
32
Suppose 12*r = 54*r - 7644. What is the greatest common divisor of r and 104?
26
Let t(x) = x**3 + 8*x**2 + 6*x - 2. Let n be t(-8). Let v = 71 + n. Calculate the greatest common factor of 105 and v.
21
Let a = 6 - 7. Let x be 0*3*a/3. Suppose 5*c - 9*c + 4 = x. What is the greatest common factor of c and 5?
1
Suppose 9*x - x = 8. Suppose -k = x - 8. Calculate the greatest common divisor of 77 and k.
7
Suppose 5 = 2*z + 15. Let d = 8 - z. Let l be 12/18 - 620/(-6). What is the highest common divisor of d and l?
13
Let r be 218/1199 + (-700)/(-22). Calculate the greatest common divisor of r and 96.
32
Let j(g) = -g**3 - 6*g**2 + 7*g + 17. Let v be j(-7). Calculate the greatest common factor of 17 and v.
17
Let t be (-6)/2 - (-473)/11. Suppose 9*h - 5*h - t = 0. What is the greatest common factor of h and 10?
10
Let p = -48 - -80. Let f = p + 22. Suppose 4*c - 15 = 9. What is the highest common factor of f and c?
6
Suppose 2347 - 522 = 5*c. Suppose 7*m + c = 12*m. Suppose 2*s - m - 17 = 0. What is the highest common factor of s and 15?
15
Let n(s) = 3*s - 35. Let r be n(13). Let b be (r - 7)/(70/38 + -2). Calculate the greatest common factor of 209 and b.
19
Let m = -39 - -38. Let k be (-2 + -11)*m - 3. What is the highest common divisor of 4 and k?
2
Suppose 130*o - 21 = 127*o. What is the greatest common divisor of 119 and o?
7
Let w(j) = 4*j**2 - 43*j - 129. Let r be w(15). What is the greatest common divisor of r and 78?
6
Let x be (51 - 7)*(0 - 4/(-2)). Calculate the greatest common divisor of 11 and x.
11
Let g = -23 - -72. Let j be (11/2)/(2/4). Let r = j + g. Calculate the greatest common factor of r and 40.
20
Let v(i) = -i**2 + 5*i + 3. Let r be v(5). Suppose 7*m = r*m + 40. Let y = m + 0. Calculate the highest common factor of y and 2.
2
Suppose 4*m + 501 = 5*r - 398, -3*r - m + 553 = 0. What is the highest common factor of r and 9?
3
Let y be (20/(-6))/((-3)/18*4). Suppose -765 = -y*m - 50. Suppose 3*o - 26 = o. Calculate the greatest common factor of m and o.
13
Let a be (-12)/9*9/(-6). Let q be a/(-2*4/(-8)). What is the highest common divisor of q and 6?
2
Let q(v) = -3*v**2 + 96*v - 72. Let k be q(31). Suppose 0*z - 4*z + 336 = 0. What is the highest common factor of z and k?
21
Let r be ((-78)/(-12))/((-2)/(-4)). Let l(d) = 14*d**3 + 2*d**2 + 13*d - 29. Let k be l(2). What is the greatest common factor of r and k?
13
Let s = -1749 + 1851. What is the greatest common factor of 646 and s?
34
Suppose 5*k - 980 = -3*t, 25 - 613 = -3*k - 2*t. Calculate the greatest common factor of k and 28.
28
Suppose -2*b + 5*w + 397 = 0, 17*w - 15*w = 2*b - 394. What is the highest common factor of 4 and b?
4
Suppose 2*u - 3*f - 183 = 0, -3*u - 5*f + 102 = -125. Calculate the greatest common factor of u and 147.
21
Let v = 419 + -418. Calculate the greatest common divisor of v and 43.
1
Let v(b) = -71*b - 217. Let x be v(-8). Calculate the highest common factor of x and 54.
27
Let r(c) = 28*c - 10. Let b be r(3). Let f = 84 - b. Suppose 192 = 2*a + 4*d, a + 20 = -d + 113. What is the greatest common factor of f and a?
10
Suppose 4*d + 2 + 2 = 0. Let j be (-2)/d - (10 + -20). Calculate the highest common factor of 8 and j.
4
Suppose 200 = 5*q + 4*c, 2*q + 5*c = 3*q - 69. Let m be (-128)/(-22) - (-8)/q. Calculate the highest common divisor of m and 48.
6
Let r = -18 + 26. Suppose 12*z + z - 39 = 0. Suppose 3*d - z = 21. What is the highest common factor of r and d?
8
Let s(k) be the third derivative of -7*k**4/24 + 7*k**3/2 - 12*k**2. Let r be s(-7). Suppose -5*t = -2*t - 84. Calculate the greatest common factor of r and t.
14
Let u be -96*(-1 - 3) + 1. Suppose 2*b - u = -5*b. What is the greatest common divisor of 22 and b?
11
Suppose -108 = 7*c - 19*c. What is the greatest common factor of 153 and c?
9
Let g = -340 - -375. What is the greatest common factor of 140 and g?
35
Suppose 